6243
List the prime factors of 1312820334.
2, 3, 7, 10419209
What are the prime factors of 263974673?
59, 75833
What are the prime factors of 105381988?
2, 26345497
List the prime factors of 952675963.
37, 2539, 10141
List the prime factors of 3014967340.
2, 5, 7, 11, 17, 115163
List the prime factors of 40395224.
2, 5049403
List the prime factors of 409998771.
3, 7, 13, 269, 1861
List the prime factors of 1385254.
2, 13, 53279
What are the prime factors of 39566252?
2, 11, 899233
What are the prime factors of 312010796?
2, 78002699
What are the prime factors of 3643685525?
5, 499, 292079
List the prime factors of 5903241907.
307, 19228801
List the prime factors of 256226810.
2, 5, 7, 83, 44101
List the prime factors of 375595697.
6367, 58991
List the prime factors of 1843231550.
2, 5, 43, 661, 1297
What are the prime factors of 337111316?
2, 1063, 79283
List the prime factors of 1550387936.
2, 1381, 35083
What are the prime factors of 4507877990?
2, 5, 7, 11, 76031
What are the prime factors of 1930320158?
2, 13, 74243083
What are the prime factors of 98413980?
2, 3, 5, 7, 234319
List the prime factors of 517046934.
2, 3, 86174489
What are the prime factors of 2328904924?
2, 582226231
List the prime factors of 15439124.
2, 41, 47, 2003
List the prime factors of 68348037.
3, 1709, 13331
What are the prime factors of 209883890?
2, 5, 991, 21179
List the prime factors of 2692044722.
2, 109, 12348829
What are the prime factors of 30806577?
3, 827, 4139
List the prime factors of 14391579.
3, 4797193
List the prime factors of 451897250.
2, 5, 7, 71, 3637
List the prime factors of 24471724.
2, 23, 461, 577
What are the prime factors of 105003892?
2, 7, 181, 20719
List the prime factors of 2155455453.
3, 43, 479, 34883
List the prime factors of 4553052934.
2, 18859, 120713
List the prime factors of 81311288.
2, 10163911
What are the prime factors of 148176454?
2, 17, 163, 26737
List the prime factors of 16417236.
2, 3, 11, 277, 449
List the prime factors of 734783161.
7, 104969023
What are the prime factors of 83540107?
7, 103, 109, 1063
List the prime factors of 74487544.
2, 29, 31, 10357
List the prime factors of 619728495.
3, 5, 41315233
What are the prime factors of 561510332?
2, 6007, 23369
List the prime factors of 56421527.
1777, 31751
What are the prime factors of 2231096250?
2, 3, 5, 594959
What are the prime factors of 177859773?
3, 7, 13, 191, 379
What are the prime factors of 3224316?
2, 3, 268693
List the prime factors of 7106596942.
2, 19, 97, 1927997
What are the prime factors of 634292393?
7, 53, 307, 5569
List the prime factors of 20690903.
20690903
What are the prime factors of 56612682?
2, 3, 7, 43
What are the prime factors of 204361483?
3911, 52253
What are the prime factors of 450814105?
5, 7, 37, 491, 709
List the prime factors of 253225960.
2, 5, 13, 281, 1733
What are the prime factors of 1795977861?
3, 43, 13922309
List the prime factors of 18801528.
2, 3, 167, 4691
What are the prime factors of 97518330?
2, 3, 5, 7, 13
List the prime factors of 159277053.
3, 13, 4084027
List the prime factors of 534739864.
2, 67, 997649
What are the prime factors of 190430890?
2, 5, 13, 281, 401
List the prime factors of 171636492.
2, 3, 14303041
What are the prime factors of 13679380?
2, 5, 11, 13, 4783
List the prime factors of 3054723688.
2, 53, 547, 13171
List the prime factors of 87682054.
2, 43841027
List the prime factors of 177032181.
3, 71, 163, 5099
List the prime factors of 1244563741.
23, 1543, 35069
What are the prime factors of 167843071?
11, 907, 16823
What are the prime factors of 1121597917?
11, 101963447
What are the prime factors of 2742111917?
17, 157, 277, 3709
List the prime factors of 1448168179.
1448168179
What are the prime factors of 364984123?
7, 52140589
List the prime factors of 21976097.
11, 13, 227, 677
What are the prime factors of 490003059?
3, 7, 13, 47, 38189
What are the prime factors of 2322274873?
67, 257, 134867
List the prime factors of 229161723.
3, 7, 59, 184957
List the prime factors of 2730507046.
2, 331, 4124633
List the prime factors of 42157981.
167, 252443
List the prime factors of 5479590967.
199, 1193, 23081
What are the prime factors of 3894193128?
2, 3, 7, 17, 1363513
List the prime factors of 57435731.
57435731
What are the prime factors of 1544092294?
2, 772046147
List the prime factors of 335312415.
3, 5, 7451387
List the prime factors of 2396965571.
7, 11, 13, 2394571
List the prime factors of 525584031.
3, 7, 25027811
What are the prime factors of 4707961624?
2, 383, 823, 1867
What are the prime factors of 211315795?
5, 42263159
List the prime factors of 153399466.
2, 11, 17, 23, 1049
What are the prime factors of 3520269804?
2, 3, 293355817
What are the prime factors of 215453623?
7, 11, 2798099
List the prime factors of 544477915.
5, 223, 488321
List the prime factors of 7138307075.
5, 4561, 62603
List the prime factors of 4939937.
307, 16091
What are the prime factors of 3268413987?
3, 1089471329
What are the prime factors of 14837211?
3, 1648579
What are the prime factors of 97020176?
2, 11, 97, 5683
List the prime factors of 2604766966.
2, 1433, 908851
List the prime factors of 582715251.
3, 64746139
List the prime factors of 1946528358.
2, 3, 101, 3212093
List the prime factors of 516499142.
2, 258249571
List the prime factors of 7862135.
5, 1572427
What are the prime factors of 472115?
5, 7, 41, 47
List the prime factors of 1442293283.
79, 18256877
What are the prime factors of 1037603576?
2, 257, 504671
List the prime factors of 426850670.
2, 5, 42685067
List the prime factors of 111376840.
2, 5, 47, 59243
List the prime factors of 15593305.
5, 7, 13, 43, 797
What are the prime factors of 18345153?
3, 2399, 2549
What are the prime factors of 243601176?
2, 3, 7, 13, 111539
What are the prime factors of 3713887980?
2, 3, 5, 11, 227, 8263
List the prime factors of 1000029962.
2, 500014981
What are the prime factors of 222328689?
3, 11, 6737233
List the prime factors of 735248302.
2, 277, 281, 4723
What are the prime factors of 68814925?
5, 79, 34843
List the prime factors of 193781479.
431, 449609
List the prime factors of 213401144.
2, 11, 1429, 1697
List the prime factors of 188685414.
2, 3, 17, 347, 1777
List the prime factors of 1718488469.
17, 101087557
What are the prime factors of 92762151?
3, 23, 61, 22039
What are the prime factors of 706400645?
5, 141280129
What are the prime factors of 721846445?
5, 47, 1289, 2383
What are the prime factors of 196965207?
3, 21885023
What are the prime factors of 129469935?
3, 5, 7, 1233047
What are the prime factors of 870547208?
2, 31, 3510271
List the prime factors of 106963981.
31, 647, 5333
What are the prime factors of 3545182680?
2, 3, 5, 13, 1091, 2083
What are the prime factors of 18840770?
2, 5, 13, 37, 3917
List the prime factors of 91051580.
2, 5, 409, 11131
What are the prime factors of 2146132085?
5, 41, 10468937
List the prime factors of 270435069.
3, 30048341
What are the prime factors of 2934882089?
137, 1459, 14683
What are the prime factors of 1212863916?
2, 3, 11, 653, 14071
List the prime factors of 3068327000.
2, 5, 1483, 2069
What are the prime factors of 33412236?
2, 3, 11, 13, 19471
What are the prime factors of 442509217?
239, 1851503
What are the prime factors of 93563743?
7, 13, 43, 23911
What are the prime factors of 667018343?
2617, 254879
What are the prime factors of 298396196?
2, 7, 29, 41, 8963
What are the prime factors of 7310809170?
2, 3, 5, 7, 19, 163, 1249
What are the prime factors of 452459605?
5, 13, 6960917
What are the prime factors of 3408015062?
2, 1704007531
What are the prime factors of 37087712?
2, 1158991
List the prime factors of 6381038688.
2, 3, 97, 685249
List the prime factors of 102252220.
2, 5, 7, 103, 1013
List the prime factors of 365367356.
2, 91341839
List the prime factors of 630923722.
2, 11, 13, 821, 2687
What are the prime factors of 1429311618?
2, 3, 7, 17, 61, 10939
What are the prime factors of 85938713?
7, 12276959
What are the prime factors of 3630281694?
2, 3, 13, 17, 131, 20899
What are the prime factors of 1379098192?
2, 86193637
What are the prime factors of 8473835972?
2, 7, 43233857
List the prime factors of 164993467.
23, 7173629
What are the prime factors